+ 5 + 1.
4
13 - 5 - (6 + 0)
2
1 + 0 + (-5 - -8)
4
Calculate (1 - (2 + 1) - -2) + 3.
3
4 + (-1 - (7 + (-4 - 0)))
0
Calculate -6 + 0 + 12 + (9 - 19).
-4
(17 - (5 + -7)) + (-13 - -5)
11
(-9 + 4 - 0) + 7
2
Calculate 5 - (5 + -2) - 3.
-1
What is the value of (-2 - -2 - 3) + 2 - 0?
-1
Calculate 1 + -5 - (-6 - -3).
-1
-1 + 3 + 3 + -2 + -2
1
9 + 0 - (36 - 37)
10
Evaluate 11 - -5 - 12 - (0 + -5).
9
What is the value of -2 - 1 - (6 + -3)?
-6
Calculate 4 + -17 + 1 + 20.
8
Calculate 4 - (11 - (2 - -3)).
-2
What is (0 - 2) + 8 + -44 + 31?
-7
Calculate (4 - -3) + 2 + (-8 - -3).
4
What is -4 + -4 + (17 - 8) - -4?
5
Calculate (2 - (5 - 3)) + (1 - 1).
0
(-5 + -2 - -4) + 0 + -1
-4
What is the value of 0 + 3 + -2 - (30 + -36)?
7
(-2 - (-2 + 6 + -3)) + -2
-5
Calculate 1 + 6 + -7 + -5.
-5
What is 7 + 7 + -14 + 1?
1
What is the value of -12 + 10 + (4 - -1)?
3
Calculate 12 + -10 - 4 - (1 + 0).
-3
Calculate -2 - (-2 - (2 - 1 - -2)).
3
What is the value of 4 + (-16 - (3 - 13))?
-2
Calculate -16 + 10 + -9 + 8.
-7
Evaluate -1 - -2 - ((14 - 4) + -14).
5
What is 0 + 3 + -5 + -3?
-5
What is the value of (0 - ((3 - 4) + 2)) + 0?
-1
Evaluate 1 - 1 - (-12 - -5 - -4).
3
Evaluate -5 + (6 - (-14 + 4 + 7)).
4
What is the value of (-1 - -3) + (3 + -7 - -3)?
1
What is the value of 10 - (23 + -1) - -2?
-10
5 + -2 + -1 + -1
1
What is -3 - (-5 + -2 + 5)?
-1
Calculate 2 - -1 - (-3 + 3).
3
What is 1 + -4 + (4 - (1 - 3))?
3
Evaluate -2 - (-5 - (0 + -6)).
-3
What is the value of -22 - -10 - -13 - 9?
-8
(0 + 3 - 13) + 5 + 2
-3
Evaluate -2 - 1 - (1 - (16 + -9)).
3
What is -4 + 7 + (-3 - 7)?
-7
Calculate 4 + -3 + (1 - 5).
-3
What is the value of 0 + 7 + 2 + -3 + -3?
3
Evaluate 1 - (-8 - -5) - -1.
5
(-6 - (-4 - -2)) + (-2 - 0)
-6
What is the value of 17 + -8 + -31 - -12?
-10
Calculate 3 + (6 - 7) + 4 - 9.
-3
What is the value of -5 - (0 - (6 + -2))?
-1
What is 5 + (-3 + -11 - -9)?
0
-13 + 12 + (3 - 4 - 2)
-4
-54 + 53 + (-1 + -3 - -2)
-3
(1 - 7) + 1 + 1
-4
Calculate -7 + (-7 - -3 - -8).
-3
What is 2 + -1 + -4 + 1 + -2?
-4
Calculate 4 - (-1 + 0 + 0).
5
Evaluate -10 - -8 - (-9 - -16).
-9
Evaluate (1 - (-4 - -1)) + (-10 - -11).
5
-6 + 0 + 3 + 1 + -3
-5
What is the value of (3 - 5) + (2 - (3 - 2))?
-1
Evaluate 2 + -3 - (-3 - (-21 - -11)).
-8
-2 + 1 + 4 + 0 - 6
-3
Calculate -3 + 4 + -1 + -3 - 1.
-4
-2 - (-9 + (0 + -3 - -7))
3
Calculate 0 + 1 - (0 - (-3 - -3)).
1
What is the value of 1 - (-5 + 6) - (-2 + 0)?
2
-3 - 1 - (-4 + 0)
0
What is the value of 14 - (-7 - -6) - 10?
5
What is the value of (-2 + 1 - -2) + (9 - 12)?
-2
-1 + (1 - (1 - 3)) - -1
3
What is the value of -4 + (5 - 1) + (-18 - -12)?
-6
Evaluate (-1 + 3 + -3 - 11) + 6.
-6
What is the value of -7 + (1 - (-3 + -8))?
5
-10 + -3 + 9 + 11
7
Evaluate 4 + -10 + 2 + 12.
8
What is -1 + 1 + (4 - 4) + -2?
-2
0 + -3 - (3 + (-1 - 9))
4
Evaluate 4 + (3 + -6 - 2) + -2.
-3
What is 0 - 5 - 8 - (20 - 23)?
-10
8 - (1 + 2) - (3 - 3)
5
Evaluate -8 + (3 + 8 - 6).
-3
What is the value of -8 + (-1 - (-9 + -5))?
5
What is the value of 6 - (-3 + 7 + -2) - 4?
0
What is the value of 9 - -5 - 4 - 8?
2
-9 + -5 + 5 - -17
8
Evaluate 0 - 0 - (2 + 1).
-3
Evaluate (3 - 2) + -1 - (-12 + 11).
1
-3 + 8 + (-4 - -3 - -2)
6
What is 3 - (5 + 0 + -3 + 0)?
1
Calculate (0 - (0 + -1)) + (-37 - -36).
0
Calculate -43 + 38 - (1 - 4 - 0).
-2
(0 - -1) + -6 + (-3 - -8)
0
What is the value of -6 + (18 - 1) + -2 + -5?
4
Evaluate 6 + 1 - (9 + -2).
0
What is the value of 6 + -2 + -3 + 1?
2
What is 9 - (0 + 5 + 9)?
-5
What is -11 + (7 - 4 - -7)?
-1
What is (-8 - -8) + -6 + 6?
0
-2 - (0 + -1 - (-16 + 13))
-4
What is 0 + -5 + (-9 - (-10 - 10))?
6
1 - (-12 + 15 + -4)
2
Evaluate 4 - (7 + 3 + -4).
-2
3 + (0 - 6) + 1
-2
0 - 20 - (-13 + 1)
-8
-124 + 126 - (1 + 4 - 0)
-3
Calculate (-8 - 0 - -8) + 4.
4
-2 + (-11 - 2) + 8
-7
What is 2 + 3 + -1 + (6 - 5)?
5
What is the value of -4 - -4 - -3 - 3?
0
Evaluate 2 - (3 - (0 - -5)).
4
5 + 4 + -1 - 8
0
Calculate 4 + 1 - ((10 - 6) + 5).
-4
(0 + -5 - -2 - -2) + -3
-4
Evaluate (-6 - 0) + (-12 - -36 - 23).
-5
-11 + 6 + -6 + 8 + -6
-9
Calculate (-7 - (4 + -10 + -6)) + 5.
10
Calculate -6 - -4 - (-11 + 17).
-8
-2 + -1 + -1 + 2
-2
-5 + (4 - 6 - -12) - 2
3
What is -2 + 0 + 6 + -6 + 2?
0
What is 6 - (-1 + (18 - 10))?
-1
What is (102 - 114) + -2 + 9?
-5
Evaluate -1 + 8 + 8 + -9.
6
What is the value of 4 + (-1 - (5 - 2))?
0
(-11 - -4) + (4 - 0 - 4)
-7
What is -47 + 43 - (0 - 1)?
-3
Calculate 11 - ((-8 - -2) + (2 - -7)).
8
Evaluate 16 - 18 - (-5 - (0 - -2)).
5
-5 + 1 - -9 - 5
0
What is the value of -2 - 3 - (-6 + 4) - 3?
-6
What is the value of 14 - (-7 + 13 + 18)?
-10
Calculate 3 - 3 - ((1 - 3) + 3).
-1
What is the value of -2 - (-5 - -1) - -4?
6
What is the value of -7 + (1 - (-4 + 4 + -2))?
-4
Calculate 1 + -2 + 4 - (6 - 0).
-3
What is (-2 - 0 - -3) + -4?
-3
Evaluate 2 + 0 - (5 + (-4 - 2)).
3
What is 8 + 7 + -10 + -3?
2
Evaluate -10 - (-6 + 2) - (-11 + 1).
4
Calculate 3 - (-4 + 4 - (0 - 2)).
1
Evaluate 1 + 3 + -6 - -3 - 0.
1
-9 - -5 - (-1 + 1 + -2)
-2
What is the value of (2 + 8 - -3) + (-1 - 6)?
6
What is the value of -1 + -6 - (-306 - -304)?
-5
Evaluate 7 - 2 - (7 + -2 + -3).
3
Evaluate 9 - 8 - (-6 - -2).
5
What is (-40 - -33) + (0 - 0) + 14?
7
Evaluate -1 + (1 + -3 - 0).
-3
-7 + (1 - (-4 - -2))
-4
Calculate (-3 - (-3 + 2)) + 2 + 1.
1
What is -16 - -16 - (2 - 1) - -6?
5
What is 31 + -25 + (-3 - (4 + -1))?
0
What is the value of -6 + 1 + 1 - -2 - 3?
-5
What is -1 - (2 - (1 - (-1 + 3)))?
-4
What is the value of 2 - -1 - ((1 - -7) + -3)?
-2
What is the value of 4 + -7 + (6 - 3)?
0
Calculate (2 - (-4 - -4)) + -2 + 0.
0
Evaluate (1 - (-1 - -2)) + 3 + 0.
3
What is the value of -10 - (-7 + 5 - 1)?
-7
-12 + 18 - (7 - -2)
-3
17 - -3 - (-29 + 40)
9
What is the value of 1 + 3 + -2 + -7 + 9?
4
Calculate (-14 + 12 - (-1 - -4)) + 5.
0
What is the value of (-14 - -12) + (2 - -1)?
1
(10 - (10 + 7)) + 1
-6
Calculate -2 + (8 - (0 + 1 - -5)).
0
What is -3 + 0 + (-7 - -12)?
2
What is -6 + (-8 - (2 + -12))?
-4
Evaluate (-1 - 1) + 1 + (2 - -2).
3
Calculate -1 + 0 + (1 - (-4 - -5)).
-1
What is the value of -4 + 1 + (-1 - (-2 - -3))?
-5
Calculate -1 + (4 - 2) + 2 + -5.
-2
What is the value of -4 + (-5 - (-5 + 2)) + 2?
-4
Evaluate (6 - (-3 + 5 - -2)) + -1.
1
1 - (-11 + 17 + -11)
6
What is the value of -1 - (-6 + 3) - 4?
-2
What is 1 + (-4 - -3) + 5?
5
What is -49 + 61 + (-2 - -4) + -4?
10
-7 - (-11 - (-3 - -5))
6
What is the value of 3 + (-2 - (1 + 0))?
0
What is -6 + 9 + 3 - (-2 + 8)?
0
Evaluate 9 - (-21 + 32 + -1 + -5).
4
What is the value of (10 - 3) + -14 + (4 - -7)?
4
Evaluate -5 + 2 - 1 - (3 + -5).
-2
3 - (-3 - (0 - 4))
2
What is the value of 1 - (-5 + -1) - (-133 + 143)?
-3
(4 - 0) + -1 + -6
-3
-3 + (-3 - -7) - 2
-1
Evaluate -1 - 3 - (-4 + 1).
-1
Evaluate 2 + ((-1 - -2) + -1 - -3).
5
(1 - (6 - 3)) + 8 + -4
2
Calculate 2 - 2 - 1 - (8 + -8).
-1
(4 - (7 - 6)) + 2
5
What is 7 - 3 - (-7 - -6)?
5
Calculate -1 + 3 + (0 - (-5 - -6)).
1
What is the value of 1 - (-4 + 1 + 1)?
3
Calculate -5 - (4 - 2) - (-3 - 0).
-4
What is the value of (4 - 1) + 88 + -87?
4
-4 + 6 - (4 + -4)
2
What is the value of 79 + -78 - (-3 - -1)?
3
What is the value of 2 + 2 + -1 - 0?
3
What is the value of -9 + 11 + -19 + 9?
-8
Evaluate -1 + (1 - 7) - (254 + -259).
-2
What is the value of 10 + (-17 - -8) - 1?
0
What is the value of -4 - (0 + -2) - 1 - -6?
3
Calculate 55 + -64 - (1 - 17).
7
Calculate -2 - (21 + -11 + -16).
4
What is the value of -4 + (-6 - (1 - 7))?
-4
Evaluate -2 + (-8 - -1 - -13) + -2.
2
What is the value of 12 + -8 + (1 - 2)?
3
What is -3 - -11 - (39 + -33)?
2
Evaluate (2 - (10 + -15)) + -12.
-5
What is 14 - (-8 + -5 + 29)?
-2
What is -4 + 0 + -27 + 26 - 0?
-5
-1 - -2 - (-2 + -1)
4
Calculate 8 + (-7 - -5) + -2.
4
What is the value of -5 - (-4 - (-1 + 0))?
-2
What is the value of 3 - (-1 + 8) - (8 + -9)?
-3
Evaluate -5 + 11 - (8 - -2).
-4
Evaluate -9 - (15 + -5 + -20).
1
Evaluate 7 + 1 + -2 - 5.
1
Evaluate -4 - ((6 - 5) + -1).
-4
What is 2 - -1 - (35 + -37)?
5
Calculate 3 - (4 - -1) - (3 - 2).
-3
What is the value of 1 - (2 + 3 + -6)?
2
5 + -6 - (-9 - -3)
5
What is the value of 4 + (0 - 16) - -16?
4
What is -2 + -2 - (6 - (5 - -1))?
-4
What is the value of -5 - (-15 + 5) - 5 - -5?
5
Evaluate 13 + -11 + -5 + (-2 - -2).
-3
Calculate 3 + (-1 - 5) + (-28 - -23).
-8
6 + -5 - (-2 - -5)
-2
Calculate 26 + -10